19. Let u(m) = 2*m**2 + 7*m + 4. Calculate the remainder when u(-6) is divided by (-4)/v - 176/(-10).
16
Let q be 1*62 - (-3 + 1). Suppose 3*b + b - q = 0. Let k(p) = p**3 - 13*p**2 - 11*p + 4. Calculate the remainder when k(14) is divided by b.
14
What is the remainder when (-1)/(-3) - (-2320)/60 is divided by 8?
7
Suppose 7 - 139 = -m - g, 0 = m - 2*g - 135. Suppose 21 - m = -5*o - 4*w, 0 = 2*o + 4*w - 52. What is the remainder when 79 is divided by o?
19
Let i = -30 + 20. Let z(t) = -t**2 + 10*t + 7. What is the remainder when 6/(-15) - 474/i is divided by z(9)?
15
Calculate the remainder when (-2 - (-10)/1)/1 is divided by 2.
0
Let g = 4 - 2. Let s = 40 + -17. Calculate the remainder when 68 - 1*(g - 1) is divided by s.
21
Suppose -11*m = m - 696. Calculate the remainder when m is divided by 20.
18
Let g(q) = q**2 - 10*q - 9. Let y(j) = -3*j + 1. Calculate the remainder when y(-1) is divided by g(11).
0
Suppose -7 = -4*p - 2*i + 7, -10 = -4*p + 2*i. Calculate the remainder when 3 is divided by p.
0
Let f(n) = n**2 + 8*n - 24. Calculate the remainder when f(5) is divided by 6.
5
Suppose 71 = -4*u + 259. Suppose 7*p - 48 = 4*p + 4*r, -4*p + 33 = 5*r. Suppose -4*v - p = -5*v. Calculate the remainder when u is divided by v.
11
Let g = 15 - 15. Let m(w) = 37*w - 6. Let r be m(5). Suppose -122 = -2*t - 2*q, 0*t - 3*t - 4*q + r = g. Calculate the remainder when t is divided by 22.
21
Let q(c) = -c**2 - 10*c + 1. Let y = 22 - -68. Suppose 0 = 6*m - m - y. Calculate the remainder when m is divided by q(-9).
8
Let u = -117 + 179. Suppose -2*c = -c - u. Calculate the remainder when c is divided by 32.
30
Calculate the remainder when 138 is divided by (-3)/(-2)*40/3.
18
Let u = 96 + -30. What is the remainder when u is divided by 24?
18
Let g(x) = -x**3 + x**2 + x - 6. Let n be g(0). Let m = 8 + n. Suppose -m*h - 5*w = 13, -h + 4*w + 8 = -3*h. What is the remainder when 21 is divided by h?
3
Let y(j) = -j + 8. Suppose -f = -2*h - 2, 0*f + 3*h + 3 = -2*f. Let d(m) = m - 15. Calculate the remainder when y(f) is divided by d(20).
3
Let j(s) = 14*s + 15. Calculate the remainder when j(4) is divided by 36.
35
Suppose -4*u + 48 = 2*z - 0*z, -5*u - 60 = -5*z. Calculate the remainder when 47 is divided by z.
15
Let k be -4*(-3 - (-3 - 1)). Let c = k + 6. Calculate the remainder when 10 is divided by (0 + 2)*4 - c.
4
Let y be (-2 - 1)/((-3)/2). Let z = 66 - 58. Calculate the remainder when -30*(y*1)/(-4) is divided by z.
7
Let n be 2*(-4)/10*15. Let m = n - -33. Calculate the remainder when m is divided by 11.
10
Suppose -v + 6 = -3*q, 0 = v + 2*q + 3 + 1. Let m = 1 + v. Let y = 3 + -1. Calculate the remainder when y is divided by m.
0
Let s be ((-26)/(-10))/(7/35). Let b = 31 - s. Let k(m) = 6*m**3 + 2*m**2 - 2*m. Calculate the remainder when k(2) is divided by b.
16
Suppose 3*p - 3 = 0, -3*c = 2*c + p - 391. Let q = 119 - c. What is the remainder when q is divided by 14?
13
Let z = -2 - -20. What is the remainder when z is divided by (-74)/(-10) + (-8)/20?
4
Let x(d) = d**2 + d + 4. Let k be x(3). Let t = k - 2. What is the remainder when t is divided by 8?
6
Suppose 0 = -2*a + 5*u + 17, 0*a + u + 7 = 4*a. Let d = a - -3. Suppose -10 = -4*c + 14. Calculate the remainder when c is divided by d.
2
Suppose -4*x + 65 = 5. Suppose 3*w + 3*n = 6*w - 159, -n = -2*w + 111. What is the remainder when w is divided by x?
13
What is the remainder when ((-30)/35)/(1/(-91)) is divided by 27?
24
Let v(p) = p**2 - 3*p - 2*p**2 - 9*p. What is the remainder when 20 is divided by v(-11)?
9
Let i = 13 + -22. Let w = -5 - i. Calculate the remainder when (52 + -2)/(w - 2) is divided by 9.
7
Let q(k) = 26*k**2 + k + 3. Calculate the remainder when q(2) is divided by 11.
10
Let g(j) = -3*j - 39. What is the remainder when 44 is divided by g(-18)?
14
Suppose -3*w = a - 23, 0 = 2*a - 2*w - 20 - 2. Let i(n) = n**3 - 10*n**2 + 3*n - 5. Calculate the remainder when i(10) is divided by a.
11
Let s(d) = -d**3 + d - 3. Let v = 3 + -6. Let y(o) = 2*o - 1. What is the remainder when s(v) is divided by y(6)?
10
Calculate the remainder when 15 is divided by (2/(-6))/(1/(-27)).
6
Suppose -4*s - 12 = 0, -5*h + 107 = -4*s - 10. Let x = h - 1. Let z = 12 - 1. Calculate the remainder when x is divided by z.
9
Calculate the remainder when ((-2)/(-1) + -3)/((-3)/177) is divided by 15.
14
Suppose 1 = -5*v + 11. Let b(u) = u + 10. Calculate the remainder when b(-7) is divided by v.
1
Suppose 0 = -2*b + 7 + 5. What is the remainder when 21 is divided by b?
3
Let s = -5 + 15. Let j = s + 2. Suppose 0*m + 89 = 3*a - 2*m, -3*a + 119 = 4*m. Calculate the remainder when a is divided by j.
9
Let g = -14 - -21. Let t(k) = -4*k - 12 - 2*k + 2*k**2 + 0 + 2. Calculate the remainder when t(g) is divided by 16.
14
Suppose -3*m + 17 = 4*y - 110, 4*y - 29 = -m. Calculate the remainder when 2*m*(-3)/(-6) is divided by 13.
10
Suppose a - 5*a = -2*f - 400, -2*f - 97 = -a. Suppose 5*o - 2*p - 132 = -3*p, o - p = 24. Calculate the remainder when a is divided by o.
23
Let f(b) = -2*b - 6. Let u be f(-9). Let p = u - -26. Let l = 25 + -15. Calculate the remainder when p is divided by l.
8
Suppose 3*q - 15 - 24 = 0. Calculate the remainder when 38 is divided by q.
12
Let x(a) = 9*a**2 + 3*a + 1. Suppose 6*m - 286 = 254. Calculate the remainder when m is divided by x(-2).
28
Let z be (6 + 1 + 0)*-125. Let f be 2/(-9) + z/(-9). Suppose 33 - f = -4*p. What is the remainder when 30 is divided by p?
14
Suppose 3*f = 2*f + 10. Suppose -3*a - a = -144. Let l = a - 18. Calculate the remainder when l is divided by f.
8
What is the remainder when 39 is divided by ((-84)/(-8))/(-3)*-6?
18
Let n(h) be the second derivative of -h**3/6 + 4*h**2 - h. Suppose -7 = -t + 3. Calculate the remainder when t is divided by n(4).
2
Suppose w + 86 = 227. What is the remainder when w is divided by 16?
13
Suppose 5 = 2*h + 1. Suppose -j - 5*k + h = -25, j - 3*k = 3. What is the remainder when j is divided by 5?
2
Suppose -3*x + 15 = 0, 4*j - 97 = 2*j + 5*x. Suppose -79 = -4*u + 3*v, -2*u + v + 69 = 2*u. Calculate the remainder when j is divided by u.
13
Suppose 9 + 11 = 4*j. Let t = 12 + 2. Let q = t + -6. Calculate the remainder when q is divided by j.
3
Suppose -5*g + 12 + 173 = 0. Suppose 0 = 5*d + 6*k - 3*k - 10, 3*d - 3*k + 18 = 0. What is the remainder when g is divided by 12/3 + d - -10?
11
Let k(m) = -m**3 - 3*m**2 - 5*m - 2. Let j be k(-4). Calculate the remainder when 32 is divided by (1/2)/(1/j).
15
Let h be 6/(-4) - (-3)/(-2). Calculate the remainder when (-2)/3 - 47/h is divided by 9.
6
Suppose 3*b - 4*j + 6*j = 16, 5*j = 5*b - 60. Calculate the remainder when b is divided by 2.
0
Let f = -3 + 5. Suppose -f*o = -o. Suppose o*y = -5*y + 160. What is the remainder when y is divided by 11?
10
Let q = -53 - -105. Suppose -5*y - q = -212. What is the remainder when y is divided by 11?
10
Suppose -11 = -5*b + 14. Suppose b*k = -5*z + 80, 2*k + 59 = -2*z + 7*z. What is the remainder when 36 is divided by z?
10
Let u(c) be the first derivative of -3/2*c**2 + c + 4. What is the remainder when 27 is divided by u(-2)?
6
Let g(k) = 7 + 8 - 4 - 6*k - 2. What is the remainder when g(-7) is divided by 18?
15
Suppose h + 75 + 43 = 0. Let q = -65 - h. Calculate the remainder when q is divided by 18.
17
Suppose -2*t = 3*t - 210. Let z = -8 + t. What is the remainder when z is divided by 12?
10
Let z(c) = 5*c - 4. What is the remainder when 26 - (-1)/(-2)*-6 is divided by z(4)?
13
Let v = -34 + 55. Calculate the remainder when 62 is divided by v.
20
Suppose 30*m + 10 = 32*m. Calculate the remainder when m is divided by 3.
2
Let x(q) = -q**3 - 8*q**2 - 2*q - 3. Let m = -1 - 7. What is the remainder when x(m) is divided by 4?
1
Let a(c) = 13*c - 3. Let z be a(3). Let q be (27/z)/(1/64). Suppose -l + 3*s = -14, 0 = 3*l + s - 4*s - q. What is the remainder when l is divided by 6?
5
Let i be (-195)/(-20) + 6/(-8). Suppose -i*o + 6*o = -63. What is the remainder when 61 is divided by o?
19
Calculate the remainder when (-2 - -1)/(1/(-17)) is divided by 10.
7
Let z = 115 + -85. What is the remainder when 86 is divided by z?
26
Suppose j - 7 = -3*v + v, 4*j = 4*v + 4. Suppose 3*h = -5*h + 16. Calculate the remainder when v is divided by h.
0
Let b be (-111)/9 -